
10
Let b(y) = y**3 + 23*y**2 + 75*y - 502. Give b(-13).
213
Let l(t) = -t**2 - 84*t - 1686. Calculate l(-52).
-22
Let q(w) = -w**3 + 5888*w**2 + 64885*w - 51. Determine q(-11).
-7
Let a(p) = p**2 + 40*p - 2982. Calculate a(38).
-18
Let m(a) = 16*a**2 - 1955*a + 703. What is m(121)?
-1596
Let z(k) = 8201*k - 1861633. Determine z(227).
-6
Let r(z) = 32*z**3 - 1826*z**2 + 205*z - 5177. Give r(57).
10
Let g(r) = r**2 - 86*r - 13763. Give g(172).
1029
Let v(l) = -5515*l - 15. Determine v(0).
-15
Let x(z) = -2*z**3 + 437*z**2 - 736*z + 18440. Determine x(217).
-5
Let g(f) = f**3 - 10*f**2 - 13716*f - 31641. What is g(-111)?
-6
Let d(h) = h**3 - 5*h**2 + 350*h - 2226. What is d(6)?
-90
Let p(j) = -5*j**2 + 419*j + 275. What is p(83)?
607
Let m(u) = 63134*u - 126284. Give m(2).
-16
Let k(z) = -8*z**2 - 2831*z + 17640. What is k(-360)?
0
Let r(j) = j**2 - 400*j - 1965048. Give r(-1216).
8
Let u(m) = -m**2 + 142*m - 3828. Calculate u(41).
313
Let b(n) = -n**3 - 91*n**2 - 168*n + 923. Give b(-89).
33
Let p(l) = l**3 + 74*l**2 - 23*l - 1435. Calculate p(-74).
267
Let j(u) = 3*u**3 - 54*u**2 - 165*u + 437. Calculate j(18).
-2533
Let r(c) = 983*c + 68728. What is r(-70)?
-82
Let c(d) = -399*d + 14943. Calculate c(37).
180
Let x(a) = -a**3 + 133*a**2 - 3277*a - 2306. Give x(100).
-6
Let r(l) = -l**2 - 15*l + 66. Determine r(-7).
122
Let m(g) = -g**3 + 45*g**2 + 65*g - 6133. Give m(13).
120
Let o(n) = 1066*n**2 - 7468*n. What is o(7)?
-42
Let y(s) = 4422*s - 137089. Determine y(31).
-7
Let p(c) = -40*c**2 - 236*c + 40. What is p(-5)?
220
Let q(r) = -r**3 + 54*r**2 + 827*r - 7269. Determine q(65).
11
Let c(x) = -134*x - 583. Calculate c(-3).
-181
Let k(h) = -h**3 - 77*h**2 + 521*h + 2257. Determine k(-83).
348
Let y(b) = b**3 + 108*b**2 - 1630*b + 853. Determine y(13).
112
Let m(s) = 3*s**3 - 464*s**2 - 5463*s + 16. Determine m(-11).
-28
Let s(l) = 197128*l + 788336. Give s(-4).
-176
Let b(m) = 1122*m + 33819. Determine b(-30).
159
Let u(g) = 1038731*g - 2077478. Calculate u(2).
-16
Let c(a) = -25617*a + 102034. Determine c(4).
-434
Let q(g) = -177*g**2 + 2499*g - 13. Give q(14).
281
Let x(o) = -o**3 + 10*o**2 - 64. Give x(7).
83
Let t(p) = p**3 + 26*p**2 - 261*p - 1207. What is t(-33)?
-217
Let y(k) = 1510*k**2 - 4689*k - 2. Determine y(3).
-479
Let z(d) = -d**3 + 183*d**2 - 193*d + 259. Calculate z(182).
-1743
Let f(y) = -1068*y - 9756. What is f(-9)?
-144
Let n(k) = 338*k - 59600. Calculate n(176).
-112
Let y(u) = 119*u**3 + 593*u**2 - 15*u - 24. Calculate y(-5).
1
Let b(z) = 3*z**3 - 73*z**2 + 425*z - 1404. Give b(18).
90
Let m(g) = 116781*g - 700578. What is m(6)?
108
Let l(w) = 160*w**3 + 39842*w**2 + 497*w - 247. Determine l(-249).
2
Let w(m) = 14853*m + 1099114. What is w(-74)?
-8
Let p(c) = -c**3 + 18*c**2 + 123*c + 3151. Determine p(27).
-89
Let m(s) = s**2 + 33036*s - 396520. Determine m(12).
56
Let l(q) = 2*q**2 - 10046*q - 702708. Calculate l(-69).
-12
Let v(m) = 7716*m + 895125. Calculate v(-116).
69
Let m(v) = v**2 - 1963*v + 600308. Determine m(379).
-28
Let t(o) = o**3 + 296*o**2 + 3133*o - 561. Give t(-285).
9
Let i(m) = -m**2 - 68*m - 890. Determine i(-55).
-175
Let q(c) = c**2 + 56059*c + 1848917. Calculate q(-33).
59
Let x(t) = -9347*t - 2439612. What is x(-261)?
-45
Let t(p) = -p**2 - 792*p - 150442. What is t(-476)?
-26
Let d(k) = -2*k**2 + 2161*k + 94080. What is d(-42)?
-210
Let n(s) = s**2 + 89*s + 999. What is n(-96)?
1671
Let o(k) = -16*k**2 + 410*k + 188. Calculate o(26).
32
Let t(s) = -40*s**2 - 330*s - 128. Determine t(-8).
-48
Let q(m) = -9*m**2 - 1967*m + 33771. What is q(16)?
-5
Let r(w) = w**2 - 4555*w - 215205. Calculate r(-47).
1089
Let r(y) = y**2 - 98152*y + 392584. Determine r(4).
-8
Let m(t) = -1204*t + 29290. What is m(24)?
394
Let f(l) = -3*l**3 - 7*l**2 + 12255*l + 36753. What is f(-3)?
6
Let v(s) = -2931*s - 17524. Determine v(-6).
62
Let l(r) = 1007*r**2 - 9993*r - 15. Give l(10).
755
Let l(h) = -3*h**2 - 517*h - 4481. Calculate l(-9).
-71
Let a(g) = 54*g**2 - 35975*g + 7323. Calculate a(666).
-3
Let p(y) = -14*y**3 - 59*y**2 + 256*y - 43. Give p(4).
-859
Let m(f) = -8*f**3 + 2854*f**2 + 743*f - 10255. What is m(357)?
98
Let t(f) = -8686*f - 200615. Calculate t(-23).
-837
Let o(t) = t**3 - 22*t**2 + 163*t - 2111. Determine o(18).
-473
Let x(r) = 102265*r - 4295134. Calculate x(42).
-4
Let j(b) = -b**2 - 14991*b + 541027. Determine j(36).
55
Let f(t) = 51*t**2 - 3597*t - 1684. What is f(71)?
20
Let i(r) = r**2 - 758*r - 17155. What is i(-22)?
5
Let i(n) = -216*n - 32933. Determine i(-153).
115
Let f(d) = 5*d**2 + 93*d + 1120. What is f(-11)?
702
Let q(g) = 174*g**2 - 186515*g - 13944. Calculate q(1072).
-8
Let u(g) = -g**3 - 159*g**2 + 993*g + 269. Calculate u(-165).
-226
Let w(t) = 20051*t + 2325879. Determine w(-116).
-37
Let f(k) = -79929*k + 239856. What is f(3)?
69
Let b(v) = 13269*v - 11955358. Give b(901).
11
Let t(s) = -1939*s + 11364. What is t(4)?
3608
Let n(d) = -2*d**3 + 195*d**2 - 2445*d - 19301. Determine n(22).
-7
Let v(t) = -12*t**3 + 1085*t**2 - 10821*t - 177. Determine v(79).
-19
Let d(u) = -u**2 - 56*u + 6525. Give d(58).
-87
Let z(n) = -289*n + 13923. Calculate z(61).
-3706
Let v(k) = 2*k**2 - 2571*k + 135414. Determine v(55).
59
Let m(i) = 3968*i + 23799. Give m(-6).
-9
Let o(i) = -9804*i + 166716. Give o(17).
48
Let n(s) = -s**2 - 2427*s - 610. Determine n(0).
-610
Let v(n) = -n**3 + 54*n**2 + 117*n - 637. Give v(56).
-357
Let i(n) = -824*n + 464817. What is i(564)?
81
Let u(o) = -127*o - 11687. Give u(-97).
632
Let f(p) = 12*p**3 + 18*p**2 - 55*p + 2. Calculate f(3).
323
Let a(c) = 3184949*c + 15924784. What is a(-5)?
39
Let w(l) = l**3 + 158*l**2 - 1700*l - 73. What is w(10)?
-273
Let z(d) = d**2 + 759*d + 87116. Give z(-141).
-22
Let f(h) = 214*h + 14885. Determine f(-71).
-309
Let i(y) = 3*y**3 + 28*y**2 - 18*y - 255. Give i(-12).
-1191
Let i(u) = 126827*u - 380491. Give i(3).
-10
Let t(o) = -4*o**3 - 400*o**2 - 2258*o - 153. Determine t(-94).
35
Let s(u) = 76*u**3 + 458*u**2 - 13*u - 66. Calculate s(-6).
84
Let z(i) = -26*i**2 + 924*i - 1266. Calculate z(34).
94
Let l(a) = -4*a**3 - 84*a**2 + 97*a + 262. Give l(-22).
64
Let z(u) = 2888*u + 236790. What is z(-82)?
-26
Let m(y) = -227*y - 5804. Give m(-25).
-129
Let q(m) = -2*m**3 - 103*m**2 - 8*m + 27. What is q(-51)?
-2166
Let l(d) = -64*d**3 - 4865*d**2 - 115*d - 2963. Give l(-76).
1
Let o(a) = -5*a**3 + 1833*a**2 + 640*a + 34508. Give o(367).
10
Let y(o) = -146754*o + 21. What is y(0)?
21
Let u(g) = 26*g + 212. What is u(-4)?
108
Let i(g) = 7*g**3 - 30*g**2 + 3*g + 117. Determine i(-2).
-65
Let i(s) = 122*s**3 - 24036*s**2 + 396*s - 340. Give i(197).
54
Let l(y) = -y**3 - 18*y**2 - 25*y - 51. What is l(-6)?
-333
Let t(u) = -996*u**3 + 17924*u**2 + 69*u + 67. What is t(18)?
13
Let u(x) = 2*x**2 + 67*x - 89323. Give u(-229).
216
Let z(w) = -68*w + 2938. Calculate z(43).
14
Let s(m) = 67*m**3 - 119*m**2 + 19*m - 126. Determine s(2).
-28
Let m(i) = -11640*i - 139730. What is m(-12)?
-50
Let c(v) = -5402*v + 464577. Calculate c(86).
5
Let y(v) = -v**2 + 188*v - 8586. Give y(78).
-6
Let g(o) = -2836*o - 107763. Give g(-38).
5
Let f(w) = 176*w**2 + 4873*w - 2. Calculate f(-28).
1538
Let p(y) = -8*y**2 + 963*y + 4802. Determine p(-5).
-213
Let p(i) = i**3 - 68*i**2 - 5*i + 13045. Calculate p(65).
45
Let w(z) = -12*z**2 + 799*z - 6783. Give w(9).
-564
Let k(z) = -145685*z + 13257342. Determine k(91).
7
Let i(h) = -26788*h + 669681. Give i(25).
-19
Let h(o) = 37*o**2 + 543*o - 4704. What is h(9)?
3180
Let k(o) = -2*o**3 - 8*o**2 - 279*o - 520. What is k(-2)?
22
Let b(k) = 18*k**3 - k**2 - 2652*k - 2652. Give b(-1).
-19
Let t(w) = -23003*w - 46151. What is t(-2)?
-145
Let s(q) = -114*q**2 + q + 124. Give s(1).
11
Let s(v) = 2123*v**3 + 65813*v**2 - 10*v - 307. Calculate s(-31).
3
Let l(c) = 35227*c + 2923842. Calculate l(-83).
1
Let w(j) = 1117*j + 52060. Determine w(-47).
-439
Let f(m) = -21*m**2 + 1296*m + 2427. Calculate f(59).
5790
Let g(s) = s**3 + 270*s**2 + 1567*s - 106. Determine g(-6).
-4
Let h(k) = 4*k**3 + 116*k**2 + 111*k - 85. Determine h(-28).
-57
Let m(l) = 6717*l + 11210690. Determine m(-1669).
17
Let o(c) = -c**2 + 212*c - 1705. Give o(203).
122
Let r(q) = 2*q**3 - 61*q**2 + 235*q + 9. Give r(4).
101
Let h(u) = -u**2 - 9569*u